{"id":21,"date":"2013-05-13T12:24:27","date_gmt":"2013-05-13T10:24:27","guid":{"rendered":"http:\/\/www.atena.at\/?page_id=21"},"modified":"2025-07-11T20:48:38","modified_gmt":"2025-07-11T18:48:38","slug":"impressum","status":"publish","type":"page","link":"https:\/\/www.atena.at\/index.php\/impressum\/","title":{"rendered":"Impressum"},"content":{"rendered":"<section class=\"wpb-content-wrapper\"><p>[vc_row][vc_column][vc_column_text]<\/p>\n<h4><strong><span style=\"color: #e20031;\">Informationen lt. ECG und Mediengesetz<\/span><\/strong><\/h4>\n<p><em>F\u00fcr den Inhalt verantwortlich:<\/em><\/p>\n<p>ATENA Steuerberatungsgesellschaft mbH<br \/>\nKirchham 17,<br \/>\n4656 Kirchham<\/p>\n<p>Telefon: 07619\/ 28100<\/p>\n<p>E-Mail: <a href=\"mailto:office@atena.at\">office@atena.at<\/a><\/p>\n<h4><strong><span style=\"color: #e20031;\">Unternehmensdaten<\/span><\/strong><\/h4>\n<p>Gesch\u00e4ftsf\u00fchrerin: Mag. Dr. Nicole Frais<\/p>\n<p>Sitz: Kirchham<br \/>\nFirmenbuch: Landesgericht Wels<br \/>\nFirmenbuch Nr: FN 313840 f<\/p>\n<p>WT-Code:\u00a0 804808<br \/>\nUID Nummer: ATU64328347<br \/>\nDVR Nummer: 3004485<\/p>\n<h6><strong><span style=\"color: #e20031;\">WKO-Link:<\/span><\/strong><\/h6>\n<p><a href=\"http:\/\/firmen.wko.at\/Web\/DetailsInfos.aspx?FirmaID=2d35275d-88df-445f-8e98-5a28df1d8735&amp;StandortID=0&amp;Firma=atena&amp;CategoryID=0&amp;Page=1\" target=\"_blank\" rel=\"noopener noreferrer\"><img loading=\"lazy\" decoding=\"async\" title=\"ecg\" src=\"https:\/\/www.atena.at\/wp-content\/uploads\/ecg.gif\" alt=\"\" width=\"169\" height=\"23\" \/><\/a><\/p>\n<h4><strong><span style=\"color: #e20031;\">Allgemeine Auftragsbedingungen und Datenschutzerkl\u00e4rung<\/span><\/strong><\/h4>\n<ul>\n<li><a href=\"http:\/\/www.atena.at\/wp-content\/uploads\/AAB_2018.pdf\">AAB_2018 [\u00f6ffnen]<\/a><\/li>\n<li><a href=\"http:\/\/www.atena.at\/wp-content\/uploads\/Datenschutzerkl\u00e4rung.pdf\">Datenschutzerkl\u00e4rung [\u00f6ffnen]<\/a><\/li>\n<\/ul>\n<h4><strong><span style=\"color: #e20031;\">Haftungsausschluss<\/span><\/strong><\/h4>\n<p>Die hier angebotenen Inhalte wurden sorgf\u00e4ltig zusammengestellt. F\u00fcr die Richtigkeit, Aktualit\u00e4t, Vollst\u00e4ndigkeit und Verf\u00fcgbarkeit der gebotenen Informationen\/Services \u00fcbernehmen wir jedoch keine Gew\u00e4hrleistung\/Haftung. Insbesondere k\u00f6nnen keinerlei Rechtsanspr\u00fcche, die sich aus der Verwendung der abgerufenen Informationen und Services ergeben, begr\u00fcndet werden. Sie k\u00f6nnen keine umfassende rechtliche Beratung ersetzen. Alle Angebote sind freibleibend und unverbindlich.<\/p>\n<p>Verweise und Links wurden sorgf\u00e4ltig ausgew\u00e4hlt. Deren Inhalt, Richtigkeit, Aktualit\u00e4t, Vollst\u00e4ndigkeit und Verf\u00fcgbarkeit liegt aber nicht in unserem Einflussbereich und wir \u00fcbernehmen hierf\u00fcr keine Gew\u00e4hrleistung\/Haftung.<\/p>\n<p>Wir behalten uns das Recht vor, jederzeit und ohne Vorank\u00fcndigung hier angebotene Informationen\/Services zu \u00e4ndern, erg\u00e4nzen, l\u00f6schen oder den Internetauftritt g\u00e4nzlich oder vor\u00fcbergehend einzustellen.<\/p>\n<p>Wir bem\u00fchen uns, Probleme beim Abruf der Informationen\/Services aufgrund von St\u00f6rungen oder Inkompatibilit\u00e4ten so gering wie m\u00f6glich zu halten. Es ist allerdings nicht ausgeschlossen, dass Daten und Angaben auf unserer Website nicht oder fehlerhaft angezeigt werden. Wir \u00fcbernehmen keine Haftung, dass unser Dienst nicht unterbrochen oder anderweitig durch St\u00f6rungen beeintr\u00e4chtigt wird.[\/vc_column_text][\/vc_column][\/vc_row]<\/p>\n<\/section>","protected":false},"excerpt":{"rendered":"<p>[vc_row][vc_column][vc_column_text] Informationen lt. ECG und Mediengesetz F\u00fcr den Inhalt verantwortlich: ATENA Steuerberatungsgesellschaft mbH Kirchham 17, 4656 Kirchham Telefon: 07619\/ 28100 E-Mail: office@atena.at Unternehmensdaten Gesch\u00e4ftsf\u00fchrerin: Mag. Dr. Nicole Frais Sitz: Kirchham Firmenbuch: Landesgericht Wels Firmenbuch Nr: FN 313840 f WT-Code:\u00a0 804808 UID Nummer: ATU64328347 DVR Nummer: 3004485 WKO-Link: Allgemeine Auftragsbedingungen und Datenschutzerkl\u00e4rung AAB_2018 [\u00f6ffnen] Datenschutzerkl\u00e4rung [\u00f6ffnen] [&hellip;]<\/p>\n","protected":false},"author":3,"featured_media":0,"parent":0,"menu_order":0,"comment_status":"open","ping_status":"closed","template":"","meta":{"footnotes":""},"class_list":["post-21","page","type-page","status-publish","hentry"],"yoast_head":"<!-- This site is optimized with the Yoast SEO plugin v26.8 - https:\/\/yoast.com\/product\/yoast-seo-wordpress\/ -->\n<title>Impressum - ATENA Steuerberatungs GmbH Laakirchen-Gmunden<\/title>\n<meta name=\"robots\" content=\"index, follow, max-snippet:-1, max-image-preview:large, max-video-preview:-1\" \/>\n<link rel=\"canonical\" href=\"https:\/\/www.atena.at\/index.php\/impressum\/\" \/>\n<meta property=\"og:locale\" content=\"de_DE\" \/>\n<meta property=\"og:type\" content=\"article\" \/>\n<meta property=\"og:title\" content=\"Impressum - ATENA Steuerberatungs GmbH Laakirchen-Gmunden\" \/>\n<meta property=\"og:description\" content=\"[vc_row][vc_column][vc_column_text] Informationen lt. ECG und Mediengesetz F\u00fcr den Inhalt verantwortlich: ATENA Steuerberatungsgesellschaft mbH Kirchham 17, 4656 Kirchham Telefon: 07619\/ 28100 E-Mail: office@atena.at Unternehmensdaten Gesch\u00e4ftsf\u00fchrerin: Mag. Dr. Nicole Frais Sitz: Kirchham Firmenbuch: Landesgericht Wels Firmenbuch Nr: FN 313840 f WT-Code:\u00a0 804808 UID Nummer: ATU64328347 DVR Nummer: 3004485 WKO-Link: Allgemeine Auftragsbedingungen und Datenschutzerkl\u00e4rung AAB_2018 [\u00f6ffnen] Datenschutzerkl\u00e4rung [\u00f6ffnen] [&hellip;]\" \/>\n<meta property=\"og:url\" content=\"https:\/\/www.atena.at\/index.php\/impressum\/\" \/>\n<meta property=\"og:site_name\" content=\"ATENA Steuerberatungs GmbH Laakirchen-Gmunden\" \/>\n<meta property=\"article:modified_time\" content=\"2025-07-11T18:48:38+00:00\" \/>\n<meta property=\"og:image\" content=\"https:\/\/www.atena.at\/wp-content\/uploads\/ecg.gif\" \/>\n<meta name=\"twitter:label1\" content=\"Gesch\u00e4tzte Lesezeit\" \/>\n\t<meta name=\"twitter:data1\" content=\"1\u00a0Minute\" \/>\n<script type=\"application\/ld+json\" class=\"yoast-schema-graph\">{\"@context\":\"https:\/\/schema.org\",\"@graph\":[{\"@type\":\"WebPage\",\"@id\":\"https:\/\/www.atena.at\/index.php\/impressum\/\",\"url\":\"https:\/\/www.atena.at\/index.php\/impressum\/\",\"name\":\"Impressum - ATENA Steuerberatungs GmbH Laakirchen-Gmunden\",\"isPartOf\":{\"@id\":\"https:\/\/www.atena.at\/#website\"},\"primaryImageOfPage\":{\"@id\":\"https:\/\/www.atena.at\/index.php\/impressum\/#primaryimage\"},\"image\":{\"@id\":\"https:\/\/www.atena.at\/index.php\/impressum\/#primaryimage\"},\"thumbnailUrl\":\"https:\/\/www.atena.at\/wp-content\/uploads\/ecg.gif\",\"datePublished\":\"2013-05-13T10:24:27+00:00\",\"dateModified\":\"2025-07-11T18:48:38+00:00\",\"inLanguage\":\"de\",\"potentialAction\":[{\"@type\":\"ReadAction\",\"target\":[\"https:\/\/www.atena.at\/index.php\/impressum\/\"]}]},{\"@type\":\"ImageObject\",\"inLanguage\":\"de\",\"@id\":\"https:\/\/www.atena.at\/index.php\/impressum\/#primaryimage\",\"url\":\"https:\/\/www.atena.at\/wp-content\/uploads\/ecg.gif\",\"contentUrl\":\"https:\/\/www.atena.at\/wp-content\/uploads\/ecg.gif\",\"width\":169,\"height\":23},{\"@type\":\"WebSite\",\"@id\":\"https:\/\/www.atena.at\/#website\",\"url\":\"https:\/\/www.atena.at\/\",\"name\":\"ATENA Steuerberatungs GmbH Laakirchen-Gmunden\",\"description\":\"Oberweis bei Gmunden\",\"potentialAction\":[{\"@type\":\"SearchAction\",\"target\":{\"@type\":\"EntryPoint\",\"urlTemplate\":\"https:\/\/www.atena.at\/?s={search_term_string}\"},\"query-input\":{\"@type\":\"PropertyValueSpecification\",\"valueRequired\":true,\"valueName\":\"search_term_string\"}}],\"inLanguage\":\"de\"}]}<\/script>\n<!-- \/ Yoast SEO plugin. -->","yoast_head_json":{"title":"Impressum - ATENA Steuerberatungs GmbH Laakirchen-Gmunden","robots":{"index":"index","follow":"follow","max-snippet":"max-snippet:-1","max-image-preview":"max-image-preview:large","max-video-preview":"max-video-preview:-1"},"canonical":"https:\/\/www.atena.at\/index.php\/impressum\/","og_locale":"de_DE","og_type":"article","og_title":"Impressum - ATENA Steuerberatungs GmbH Laakirchen-Gmunden","og_description":"[vc_row][vc_column][vc_column_text] Informationen lt. ECG und Mediengesetz F\u00fcr den Inhalt verantwortlich: ATENA Steuerberatungsgesellschaft mbH Kirchham 17, 4656 Kirchham Telefon: 07619\/ 28100 E-Mail: office@atena.at Unternehmensdaten Gesch\u00e4ftsf\u00fchrerin: Mag. Dr. Nicole Frais Sitz: Kirchham Firmenbuch: Landesgericht Wels Firmenbuch Nr: FN 313840 f WT-Code:\u00a0 804808 UID Nummer: ATU64328347 DVR Nummer: 3004485 WKO-Link: Allgemeine Auftragsbedingungen und Datenschutzerkl\u00e4rung AAB_2018 [\u00f6ffnen] Datenschutzerkl\u00e4rung [\u00f6ffnen] [&hellip;]","og_url":"https:\/\/www.atena.at\/index.php\/impressum\/","og_site_name":"ATENA Steuerberatungs GmbH Laakirchen-Gmunden","article_modified_time":"2025-07-11T18:48:38+00:00","og_image":[{"url":"https:\/\/www.atena.at\/wp-content\/uploads\/ecg.gif","type":"","width":"","height":""}],"twitter_misc":{"Gesch\u00e4tzte Lesezeit":"1\u00a0Minute"},"schema":{"@context":"https:\/\/schema.org","@graph":[{"@type":"WebPage","@id":"https:\/\/www.atena.at\/index.php\/impressum\/","url":"https:\/\/www.atena.at\/index.php\/impressum\/","name":"Impressum - ATENA Steuerberatungs GmbH Laakirchen-Gmunden","isPartOf":{"@id":"https:\/\/www.atena.at\/#website"},"primaryImageOfPage":{"@id":"https:\/\/www.atena.at\/index.php\/impressum\/#primaryimage"},"image":{"@id":"https:\/\/www.atena.at\/index.php\/impressum\/#primaryimage"},"thumbnailUrl":"https:\/\/www.atena.at\/wp-content\/uploads\/ecg.gif","datePublished":"2013-05-13T10:24:27+00:00","dateModified":"2025-07-11T18:48:38+00:00","inLanguage":"de","potentialAction":[{"@type":"ReadAction","target":["https:\/\/www.atena.at\/index.php\/impressum\/"]}]},{"@type":"ImageObject","inLanguage":"de","@id":"https:\/\/www.atena.at\/index.php\/impressum\/#primaryimage","url":"https:\/\/www.atena.at\/wp-content\/uploads\/ecg.gif","contentUrl":"https:\/\/www.atena.at\/wp-content\/uploads\/ecg.gif","width":169,"height":23},{"@type":"WebSite","@id":"https:\/\/www.atena.at\/#website","url":"https:\/\/www.atena.at\/","name":"ATENA Steuerberatungs GmbH Laakirchen-Gmunden","description":"Oberweis bei Gmunden","potentialAction":[{"@type":"SearchAction","target":{"@type":"EntryPoint","urlTemplate":"https:\/\/www.atena.at\/?s={search_term_string}"},"query-input":{"@type":"PropertyValueSpecification","valueRequired":true,"valueName":"search_term_string"}}],"inLanguage":"de"}]}},"_links":{"self":[{"href":"https:\/\/www.atena.at\/index.php\/wp-json\/wp\/v2\/pages\/21","targetHints":{"allow":["GET"]}}],"collection":[{"href":"https:\/\/www.atena.at\/index.php\/wp-json\/wp\/v2\/pages"}],"about":[{"href":"https:\/\/www.atena.at\/index.php\/wp-json\/wp\/v2\/types\/page"}],"author":[{"embeddable":true,"href":"https:\/\/www.atena.at\/index.php\/wp-json\/wp\/v2\/users\/3"}],"replies":[{"embeddable":true,"href":"https:\/\/www.atena.at\/index.php\/wp-json\/wp\/v2\/comments?post=21"}],"version-history":[{"count":2,"href":"https:\/\/www.atena.at\/index.php\/wp-json\/wp\/v2\/pages\/21\/revisions"}],"predecessor-version":[{"id":765,"href":"https:\/\/www.atena.at\/index.php\/wp-json\/wp\/v2\/pages\/21\/revisions\/765"}],"wp:attachment":[{"href":"https:\/\/www.atena.at\/index.php\/wp-json\/wp\/v2\/media?parent=21"}],"curies":[{"name":"wp","href":"https:\/\/api.w.org\/{rel}","templated":true}]}}